tors of 1265632027.
11, 37, 47, 109, 607
What are the prime factors of 7357404708?
2, 3, 137, 1491769
What are the prime factors of 86410176?
2, 3, 19, 23687
List the prime factors of 337940892.
2, 3, 17, 197, 2803
What are the prime factors of 195335515?
5, 101, 613, 631
List the prime factors of 391524321.
3, 103, 113, 11213
What are the prime factors of 46809701?
46809701
What are the prime factors of 45532869?
3, 443, 34261
What are the prime factors of 533527173?
3, 3793, 15629
What are the prime factors of 3886246?
2, 7, 13, 131, 163
List the prime factors of 19909559.
23, 41, 43, 491
What are the prime factors of 23709518?
2, 7, 1693537
What are the prime factors of 49314934?
2, 24657467
What are the prime factors of 3487887772?
2, 281, 967, 3209
List the prime factors of 530565505.
5, 349, 304049
List the prime factors of 1085890003.
11, 1823, 54151
What are the prime factors of 1417095687?
3, 7, 139, 257, 1889
What are the prime factors of 214679727?
3, 19, 139493
List the prime factors of 1948311801.
3, 733, 295333
What are the prime factors of 45180280?
2, 5, 23, 49109
List the prime factors of 863841978.
2, 3, 17, 1229, 2297
What are the prime factors of 183995666?
2, 91997833
List the prime factors of 1228756187.
29, 53, 479, 1669
List the prime factors of 111651773.
881, 126733
What are the prime factors of 1923884400?
2, 3, 5, 1603237
List the prime factors of 4935270808.
2, 13, 29, 1636363
List the prime factors of 26248913.
71, 369703
List the prime factors of 38443426.
2, 7, 17, 161527
What are the prime factors of 2112015074?
2, 13, 29, 96589
What are the prime factors of 32905805?
5, 6581161
What are the prime factors of 391836033?
3, 67, 107, 6073
What are the prime factors of 134424175?
5, 61, 181, 487
List the prime factors of 474534114.
2, 3, 23, 997, 3449
What are the prime factors of 58758770?
2, 5, 7, 101, 8311
List the prime factors of 5023049996.
2, 37, 89, 381343
List the prime factors of 179733249.
3, 43, 103, 167
List the prime factors of 211807835.
5, 257, 164831
List the prime factors of 1006286407.
7, 6089, 23609
List the prime factors of 302305512.
2, 3, 29, 434347
What are the prime factors of 1545040696?
2, 61, 3166067
List the prime factors of 91038126.
2, 3, 67, 226463
List the prime factors of 81179939.
81179939
List the prime factors of 70242699.
3, 367, 63799
What are the prime factors of 414868193?
577, 719009
What are the prime factors of 6214595650?
2, 5, 17, 101, 191, 379
List the prime factors of 90670345.
5, 18134069
What are the prime factors of 13133862?
2, 3, 7, 14891
What are the prime factors of 30071528?
2, 19, 37, 5347
List the prime factors of 67064547.
3, 11, 19, 106961
What are the prime factors of 8374290143?
2693, 3109651
What are the prime factors of 94267028?
2, 967, 24371
What are the prime factors of 1316880411?
3, 7, 11, 5700781
What are the prime factors of 94992381?
3, 11, 19, 4591
What are the prime factors of 154987331?
293, 528967
List the prime factors of 956767067.
5573, 171679
List the prime factors of 130512037.
130512037
What are the prime factors of 119555278?
2, 59777639
What are the prime factors of 447989898?
2, 3, 74664983
List the prime factors of 2982390.
2, 3, 5, 89, 1117
What are the prime factors of 967162958?
2, 8147, 59357
List the prime factors of 332505287.
31, 227, 47251
List the prime factors of 4859546769.
3, 7, 11, 7012333
What are the prime factors of 185929652?
2, 2687, 17299
What are the prime factors of 6594995?
5, 11, 19, 6311
List the prime factors of 288129801.
3, 709, 135463
List the prime factors of 1205504114.
2, 113, 5334089
What are the prime factors of 50152374?
2, 3, 23, 229
What are the prime factors of 45942737?
109, 421493
What are the prime factors of 5481019087?
37, 149, 994199
List the prime factors of 768055751.
131, 401, 14621
List the prime factors of 150444551.
337, 433, 1031
What are the prime factors of 1231182?
2, 3, 68399
What are the prime factors of 569303451?
3, 107, 197059
List the prime factors of 86317613.
86317613
List the prime factors of 31588020.
2, 3, 5, 113, 1553
What are the prime factors of 1823139024?
2, 3, 7, 17, 47, 6791
What are the prime factors of 27526235?
5, 11, 43, 103, 113
List the prime factors of 16482217.
109, 151213
List the prime factors of 182213272.
2, 22776659
List the prime factors of 1269211261.
17881, 70981
What are the prime factors of 1081013763?
3, 360337921
List the prime factors of 34100752.
2, 7, 29, 10499
What are the prime factors of 3170213?
3170213
What are the prime factors of 238736782?
2, 47, 2539753
List the prime factors of 614995216.
2, 11, 73, 151, 317
List the prime factors of 199830665.
5, 17, 163, 14423
What are the prime factors of 253495651?
253495651
List the prime factors of 1710691.
1710691
List the prime factors of 70781726.
2, 19, 439, 4243
List the prime factors of 215539578.
2, 3, 23, 37, 14071
What are the prime factors of 39521245?
5, 23, 281, 1223
List the prime factors of 1859509836.
2, 3, 51653051
What are the prime factors of 294219591?
3, 98073197
List the prime factors of 34668510.
2, 3, 5, 1155617
What are the prime factors of 473910986?
2, 236955493
What are the prime factors of 37124403?
3, 1229, 10069
What are the prime factors of 858681175?
5, 11, 173, 18049
List the prime factors of 267876517.
167, 1604051
What are the prime factors of 49730019?
3, 2011, 8243
What are the prime factors of 3537306597?
3, 11, 23, 37, 125959
List the prime factors of 101346146.
2, 11, 17, 233, 1163
List the prime factors of 3470028406.
2, 13, 17, 19, 413197
List the prime factors of 1001790338.
2, 500895169
List the prime factors of 1260728560.
2, 5, 7, 13, 173177
What are the prime factors of 74578503?
3, 24859501
What are the prime factors of 258432187?
13, 53, 375083
What are the prime factors of 34840371?
3, 11613457
List the prime factors of 308392390.
2, 5, 101, 305339
List the prime factors of 428466306.
2, 3, 107, 211, 3163
List the prime factors of 25405682.
2, 29, 438029
List the prime factors of 1879900530.
2, 3, 5, 2207, 28393
What are the prime factors of 50323?
7, 13, 79
List the prime factors of 376289400.
2, 3, 5, 53, 11833
What are the prime factors of 2923400950?
2, 5, 67, 872657
List the prime factors of 2180240528.
2, 61, 271, 8243
List the prime factors of 65094276.
2, 3, 13, 417271
What are the prime factors of 45892208?
2, 2868263
List the prime factors of 2361534055.
5, 472306811
What are the prime factors of 57180545?
5, 223, 51283
What are the prime factors of 225580393?
2411, 93563
What are the prime factors of 30526122?
2, 3, 11, 19, 2213
List the prime factors of 2956256811.
3, 223, 490991
List the prime factors of 35751876.
2, 3, 59, 50497
What are the prime factors of 1095952219?
24971, 43889
List the prime factors of 47540338.
2, 29, 37, 22153
What are the prime factors of 3968949338?
2, 29, 68430161
What are the prime factors of 212375071?
137, 227, 6829
What are the prime factors of 128611067?
13, 491, 20149
List the prime factors of 47321660.
2, 5, 2366083
What are the prime factors of 50072868?
2, 3, 1390913
What are the prime factors of 128672896?
2, 11, 91387
What are the prime factors of 23269945?
5, 4653989
List the prime factors of 15840947.
15840947
List the prime factors of 3254097220.
2, 5, 11, 197, 75083
What are the prime factors of 172266356?
2, 127, 339107
List the prime factors of 40769400.
2, 3, 5, 7, 17, 571
What are the prime factors of 3037728?
2, 3, 31643
List the prime factors of 3923762.
2, 1123, 1747
What are the prime factors of 1258025926?
2, 629012963
What are the prime factors of 784271122?
2, 4493, 87277
List the prime factors of 153905804.
2, 13, 107, 139, 199
What are the prime factors of 12580197?
3, 7, 79, 7583
What are the prime factors of 3042432220?
2, 5, 152121611
What are the prime factors of 6276582?
2, 3, 13, 8941
List the prime factors of 2004251247.
3, 1523, 146221
List the prime factors of 125343419.
149, 841231
List the prime factors of 1039561641.
3, 38502283
List the prime factors of 5694433678.
2, 29, 98179891
What are the prime factors of 2774139156?
2, 3, 19, 213461
What are the prime factors of 1698313900?
2, 5, 16983139
List the prime factors of 89373256.
2, 7, 227993
What are th